{"id":15,"date":"2023-03-01T19:34:27","date_gmt":"2023-03-01T18:34:27","guid":{"rendered":"https:\/\/tabory.vivanet.sk\/2024\/?page_id=15"},"modified":"2024-01-28T17:37:54","modified_gmt":"2024-01-28T16:37:54","slug":"podpora","status":"publish","type":"page","link":"https:\/\/tabory.vivanet.sk\/2024\/podpora\/","title":{"rendered":"Podpora"},"content":{"rendered":"<p>Rodinn\u00e9 t\u00e1bory s\u00fa organizovan\u00e9 dobrovo\u013en\u00edkmi, ktor\u00ed si t\u00e1bor hradia rovnako ako \u00fa\u010dastn\u00edci. Pre niektor\u00fdch z nich to nie je jednoduch\u00e9. Tie\u017e existuj\u00fa rodiny, ktor\u00e9 by na t\u00e1bor chceli pr\u00eds\u0165, ale z finan\u010dn\u00fdch d\u00f4vodov nem\u00f4\u017eu.<\/p>\n<p>Ak by ste tak\u00fdmto rodin\u00e1m a jednotlivcom chceli finan\u010dne pom\u00f4c\u0165 alebo len jednoducho podpori\u0165 rodinn\u00e9 t\u00e1bory, m\u00f4\u017eete svoj finan\u010dn\u00fd pr\u00edspevok posla\u0165.<\/p>\n<p>Viva Network, IBAN:\u00a0<strong>SK70 3100 0000 0041 1009 3007<\/strong><br \/>\nvariabiln\u00fd symbol: <strong>222<\/strong><br \/>\nspr\u00e1va pre pr\u00edjemcu: <strong>dar tabor<\/strong><\/p>\n","protected":false},"excerpt":{"rendered":"<p>Rodinn\u00e9 t\u00e1bory s\u00fa organizovan\u00e9 dobrovo\u013en\u00edkmi, ktor\u00ed si t\u00e1bor hradia rovnako ako \u00fa\u010dastn\u00edci. Pre niektor\u00fdch z nich to nie je jednoduch\u00e9. Tie\u017e existuj\u00fa rodiny, ktor\u00e9 by na t\u00e1bor chceli pr\u00eds\u0165, ale <a class=\"more-link\" href=\"https:\/\/tabory.vivanet.sk\/2024\/podpora\/\">[ . . . ]<\/a><\/p>\n","protected":false},"author":1,"featured_media":0,"parent":0,"menu_order":6,"comment_status":"closed","ping_status":"closed","template":"","meta":{"footnotes":""},"class_list":["post-15","page","type-page","status-publish","hentry"],"_links":{"self":[{"href":"https:\/\/tabory.vivanet.sk\/2024\/wp-json\/wp\/v2\/pages\/15","targetHints":{"allow":["GET"]}}],"collection":[{"href":"https:\/\/tabory.vivanet.sk\/2024\/wp-json\/wp\/v2\/pages"}],"about":[{"href":"https:\/\/tabory.vivanet.sk\/2024\/wp-json\/wp\/v2\/types\/page"}],"author":[{"embeddable":true,"href":"https:\/\/tabory.vivanet.sk\/2024\/wp-json\/wp\/v2\/users\/1"}],"replies":[{"embeddable":true,"href":"https:\/\/tabory.vivanet.sk\/2024\/wp-json\/wp\/v2\/comments?post=15"}],"version-history":[{"count":4,"href":"https:\/\/tabory.vivanet.sk\/2024\/wp-json\/wp\/v2\/pages\/15\/revisions"}],"predecessor-version":[{"id":119,"href":"https:\/\/tabory.vivanet.sk\/2024\/wp-json\/wp\/v2\/pages\/15\/revisions\/119"}],"wp:attachment":[{"href":"https:\/\/tabory.vivanet.sk\/2024\/wp-json\/wp\/v2\/media?parent=15"}],"curies":[{"name":"wp","href":"https:\/\/api.w.org\/{rel}","templated":true}]}}